
True
Is 422 a factor of 4276970?
True
Is 1274 a factor of 19836848?
False
Is 243 a factor of 1150674?
False
Is 4576590 a multiple of 211?
True
Does 459 divide 319464?
True
Is 441884 a multiple of 3?
False
Is 1825964 a multiple of 14?
True
Is 148482 a multiple of 9?
True
Does 79 divide 1483838?
False
Is 353805 a multiple of 17?
False
Is 51004 a multiple of 82?
True
Is 6179 a multiple of 19?
False
Is 95 a factor of 216701?
False
Is 11 a factor of 336886?
True
Is 65 a factor of 59257?
False
Is 56 a factor of 1143986?
False
Is 154 a factor of 1819972?
True
Is 525601 a multiple of 799?
False
Is 90 a factor of 1991520?
True
Does 101 divide 518724?
False
Is 6 a factor of 7146794?
False
Is 767844 a multiple of 462?
True
Is 310072 a multiple of 9?
False
Is 78 a factor of 32401?
False
Is 2 a factor of 123245?
False
Is 907088 a multiple of 178?
True
Does 355 divide 2692675?
True
Is 18 a factor of 545796?
True
Is 770 a factor of 17912110?
False
Is 3482897 a multiple of 131?
True
Is 724887 a multiple of 717?
True
Does 332 divide 5976?
True
Does 72 divide 154800?
True
Is 32 a factor of 68141?
False
Does 567 divide 15591366?
True
Is 3310141 a multiple of 149?
False
Does 1471 divide 3770688?
False
Is 14 a factor of 11426198?
True
Is 31968 a multiple of 4?
True
Does 425 divide 251175?
True
Is 9904542 a multiple of 48?
False
Is 92 a factor of 40516?
False
Is 226 a factor of 85428?
True
Is 1728506 a multiple of 19?
True
Does 75 divide 396750?
True
Does 1021 divide 1111869?
True
Does 6 divide 28868?
False
Is 48 a factor of 9970?
False
Does 34 divide 15538746?
False
Is 223 a factor of 73643?
False
Does 113 divide 206903?
True
Is 227516 a multiple of 92?
True
Does 6 divide 155646?
True
Is 2680548 a multiple of 1865?
False
Is 101 a factor of 4157619?
False
Is 23 a factor of 8903411?
False
Does 72 divide 16376400?
True
Is 1011780 a multiple of 15?
True
Is 69 a factor of 483414?
True
Is 5339698 a multiple of 13?
True
Does 4 divide 16940?
True
Is 2147558 a multiple of 196?
False
Is 14 a factor of 397557?
False
Is 3596328 a multiple of 18?
True
Is 39 a factor of 3510?
True
Is 37 a factor of 3104411?
True
Is 202 a factor of 2039998?
True
Does 1224 divide 131903?
False
Is 52246 a multiple of 91?
False
Does 275 divide 818353?
False
Does 104 divide 1940655?
False
Is 81 a factor of 384785?
False
Is 2 a factor of 1377294?
True
Is 274 a factor of 163852?
True
Is 72844 a multiple of 7?
False
Is 12 a factor of 60?
True
Is 815575 a multiple of 89?
False
Is 78413 a multiple of 19?
True
Does 10 divide 3806240?
True
Is 69 a factor of 66723?
True
Is 1024406 a multiple of 363?
False
Is 831232 a multiple of 136?
True
Is 539376 a multiple of 204?
True
Is 104328 a multiple of 322?
True
Does 67 divide 7786107?
False
Does 175 divide 2613339?
False
Does 346 divide 1607516?
True
Is 156 a factor of 8017152?
True
Is 84013 a multiple of 29?
True
Does 39 divide 74161?
False
Is 13 a factor of 639418?
True
Is 19 a factor of 2402208?
True
Is 646445 a multiple of 14?
False
Is 157770 even?
True
Does 58 divide 40981?
False
Does 206 divide 11225878?
False
Does 37 divide 82029?
True
Does 42 divide 167181?
False
Is 744 a factor of 989349?
False
Does 471 divide 98910?
True
Is 43 a factor of 425485?
True
Is 857520 a multiple of 6?
True
Is 1543492 a multiple of 74?
True
Is 9844776 a multiple of 36?
True
Is 23 a factor of 317331?
True
Is 104 a factor of 125416?
False
Is 96120 a multiple of 40?
True
Does 114 divide 7290851?
False
Does 165 divide 78082?
False
Does 2 divide 1592696?
True
Is 234 a factor of 9593298?
True
Is 484 a factor of 9786480?
True
Is 2334584 a multiple of 503?
False
Is 26 a factor of 2078535?
False
Is 19 a factor of 712424?
True
Is 228355 a multiple of 109?
True
Is 45 a factor of 142605?
True
Does 104 divide 1492280?
False
Is 13 a factor of 9858215?
False
Is 286 a factor of 1283170?
False
Is 4 a factor of 19398?
False
Is 209 a factor of 136268?
True
Does 509 divide 653556?
True
Is 104236 a multiple of 3?
False
Does 150 divide 624485?
False
Is 523113 a multiple of 384?
False
Does 190 divide 1017736?
False
Does 64 divide 72896?
True
Does 15 divide 2237313?
False
Does 45 divide 94095?
True
Does 60 divide 1617480?
True
Is 41 a factor of 1473007?
True
Does 98 divide 5599286?
False
Is 11111044 a multiple of 85?
False
Is 2098800 a multiple of 220?
True
Is 208 a factor of 237952?
True
Is 82250 a multiple of 3?
False
Is 11850853 a multiple of 17?
True
Is 9 a factor of 2320452?
True
Is 384 a factor of 1831296?
True
Does 58 divide 27227247?
False
Is 901 a factor of 2715272?
False
Is 84 a factor of 152376?
True
Is 542 a factor of 104606?
True
Is 127 a factor of 10387076?
True
Is 2 a factor of 989869?
False
Is 7947921 a multiple of 54?
False
Is 243941 a multiple of 52?
False
Is 250 a factor of 6467246?
False
Does 4 divide 1708961?
False
Does 12 divide 107031?
False
Is 3 a factor of 625691?
False
Is 421 a factor of 6087239?
True
Is 234 a factor of 1848834?
True
Does 292 divide 3626448?
False
Is 284562 a multiple of 87?
False
Is 8598701 a multiple of 1638?
False
Is 309995 a multiple of 54?
False
Is 646970 a multiple of 10?
True
Is 7057 a multiple of 4?
False
Does 8 divide 3800?
True
Is 108 a factor of 66424?
False
Is 16 a factor of 20822223?
False
Is 309211 a multiple of 497?
False
Does 7 divide 15249?
False
Does 20 divide 1301220?
True
Is 188442 a multiple of 86?
False
Is 175 a factor of 51392?
False
Is 126173 a multiple of 29?
False
Is 35 a factor of 140473?
False
Is 918070 a multiple of 82?
False
Is 51938 a multiple of 401?
False
Is 28 a factor of 18032?
True
Is 8404270 a multiple of 190?
True
Is 1991488 a multiple of 37?
True
Does 15 divide 107535?
True
Does 107 divide 22884?
False
Is 460 a factor of 317307?
False
Does 18 divide 9577?
False
Is 7061180 a multiple of 155?
True
Is 42 a factor of 8403075?
False
Does 22 divide 501073?
False
Is 119935 a multiple of 7?
False
Does 1530 divide 21029850?
True
Does 75 divide 2864775?
True
Is 696 a factor of 2223024?
True
Does 28 divide 176702?
False
Is 2 a factor of 26986?
True
Is 5855020 a multiple of 20?
True
Does 179 divide 105431?
True
Does 10 divide 407653?
False
Does 7 divide 48958?
True
Is 3320554 a multiple of 35?
False
Does 136 divide 305592?
True
Is 7128 a multiple of 55?
False
Is 122304 a multiple of 28?
True
Is 1074920 a multiple of 56?
True
Does 6 divide 2215972?
False
Does 9 divide 107218?
False
Is 7 a factor of 246449?
True
Does 36 divide 82731?
False
Is 734 a factor of 21916827?
False
Is 1037700 a multiple of 25?
True
Does 31 divide 1667335?
True
Is 90 a factor of 149850?
True
Is 37 a factor of 44338?
False
Does 15 divide 441558?
False
Is 323 a factor of 2896987?
True
Is 331 a factor of 84736?
True
Does 17 divide 328201?
False
Is 17893261 a multiple of 12?
False
Is 457780 a multiple of 20?
True
Does 35 divide 4759930?
True
Is 229068 a multiple of 202?
True
Is 15639 a multiple of 5?
False
Does 3 divide 694906?
False
Does 24 divide 814915?
False
Does 84 divide 77868?
True
Does 372 divide 466860?
True
Is 34 a factor of 47602?
False
Is 2650044 a multiple of 394?
True
Is 87226 a multiple of 35?
False
Does 13 divide 107211?
True
Is 15 a factor of 120120?
True
Is 43 a factor of 78217?
True
Is 99844 a multiple of 19?
False
Is 138 a factor of 5986224?
False
Is 782350 a multiple of 611?
False
Is 1382212 a multiple of 26?
True
Does 89 divide 3115?
True
Does 173 divide 781960?
True
Is 3819255 a multiple of 79?
True
Does 906 divide 5333615?
False
Does 7 divide 395314?
False
Is 99 a factor of 3492819?
True
Does 140 divide 1057420?
True
Does 17 divide 5013232?
True
Is 27 a factor of 2267200?
False
Does 11 divide 123134?
True
Is 1803329 a multiple of 170?
False
Does 5 divide 328466?
False
Is 82880 a multiple of 8?
True
Is 101948 a multiple of 22?
True
Does 13 divide 82137?
False
Is 1633 a factor of 1283538?
True
Is 1599 a factor of 5991453?
True
Is 16 a factor of 283760?
True
Is 544 a factor of 5956256?
True
Is 746 a factor of 5980369?
False
Does 235 divide 386105?
True
Does 6 divide 83207?
False
Is 610 a factor of 2836208?
False
Is 157139 a multiple of 184?
False
Is 3 a factor of 919614?
True
Is 39995046 a multiple of 78?
True
Is 117 a factor of 52767?
True
Is 14264467 a multiple of 173?
False
Is 467491 a multiple of 40?
False
Is 93 a factor of 2369826?
